rs of 690760?
2, 5, 7, 2467
What are the prime factors of 3280?
2, 5, 41
What are the prime factors of 91183?
91183
What are the prime factors of 2168928?
2, 3, 17, 443
What are the prime factors of 7930695?
3, 5, 19, 27827
List the prime factors of 405268.
2, 71, 1427
List the prime factors of 8726927.
11, 53, 14969
What are the prime factors of 1630994?
2, 47, 17351
What are the prime factors of 211673?
7, 11, 2749
What are the prime factors of 2645986?
2, 7, 188999
List the prime factors of 2884608.
2, 3, 313
List the prime factors of 3823664.
2, 13, 31, 593
What are the prime factors of 856738?
2, 428369
List the prime factors of 53698.
2, 26849
List the prime factors of 9546282.
2, 3, 17, 10399
List the prime factors of 334776.
2, 3, 13, 29, 37
List the prime factors of 6082149.
3, 2027383
What are the prime factors of 511867?
511867
List the prime factors of 56245.
5, 7, 1607
List the prime factors of 118122.
2, 3, 19687
What are the prime factors of 6941635?
5, 1388327
List the prime factors of 21652.
2, 5413
What are the prime factors of 198848?
2, 13, 239
List the prime factors of 3486831.
3, 1162277
What are the prime factors of 220564?
2, 67, 823
What are the prime factors of 110948?
2, 27737
List the prime factors of 110947.
110947
What are the prime factors of 134420?
2, 5, 11, 13, 47
List the prime factors of 5837136.
2, 3, 121607
List the prime factors of 32314.
2, 107, 151
List the prime factors of 7870208.
2, 71, 433
List the prime factors of 4885702.
2, 37, 103, 641
What are the prime factors of 119752?
2, 14969
What are the prime factors of 565565?
5, 7, 11, 13, 113
What are the prime factors of 2931382?
2, 1465691
What are the prime factors of 132494?
2, 31, 2137
List the prime factors of 4085640.
2, 3, 5, 13, 97
List the prime factors of 2919414.
2, 3, 486569
What are the prime factors of 2756?
2, 13, 53
What are the prime factors of 16762320?
2, 3, 5, 31, 751
List the prime factors of 9118437.
3, 151, 20129
What are the prime factors of 9716090?
2, 5, 809, 1201
What are the prime factors of 449311?
449311
List the prime factors of 93053.
93053
What are the prime factors of 5490794?
2, 2745397
List the prime factors of 1144752.
2, 3, 7, 3407
What are the prime factors of 217510?
2, 5, 21751
What are the prime factors of 844781?
7, 17, 31, 229
What are the prime factors of 158085?
3, 5, 1171
List the prime factors of 205756.
2, 51439
What are the prime factors of 717638?
2, 17, 21107
What are the prime factors of 5193856?
2, 40577
What are the prime factors of 722998?
2, 361499
List the prime factors of 100178.
2, 13, 3853
List the prime factors of 4055083.
53, 76511
What are the prime factors of 1982304?
2, 3, 6883
What are the prime factors of 368569?
167, 2207
List the prime factors of 618400.
2, 5, 773
What are the prime factors of 2925566?
2, 7, 101, 2069
What are the prime factors of 2404827?
3, 267203
What are the prime factors of 1059454?
2, 11, 48157
List the prime factors of 3834751.
19, 201829
What are the prime factors of 964904?
2, 103, 1171
List the prime factors of 979229.
979229
List the prime factors of 21063.
3, 7, 17, 59
What are the prime factors of 1841435?
5, 368287
List the prime factors of 8322791.
1231, 6761
List the prime factors of 13262252.
2, 569, 5827
What are the prime factors of 531454?
2, 7, 11, 17, 29
What are the prime factors of 5417554?
2, 53, 51109
What are the prime factors of 14606333?
7, 71, 29389
What are the prime factors of 165528?
2, 3, 11, 19
What are the prime factors of 627823?
7, 89689
List the prime factors of 263572.
2, 131, 503
What are the prime factors of 17940847?
31, 43, 313
What are the prime factors of 2087197?
7, 298171
List the prime factors of 19190410.
2, 5, 1919041
List the prime factors of 4150746.
2, 3, 230597
What are the prime factors of 893351?
893351
What are the prime factors of 100644?
2, 3, 8387
List the prime factors of 674912.
2, 7, 23, 131
What are the prime factors of 288852?
2, 3, 24071
What are the prime factors of 953742?
2, 3, 41, 3877
What are the prime factors of 14151216?
2, 3, 113, 2609
List the prime factors of 1043604.
2, 3, 3221
List the prime factors of 5767428.
2, 3, 61, 7879
List the prime factors of 1778453.
1778453
What are the prime factors of 1245208?
2, 31, 5021
What are the prime factors of 271818?
2, 3, 15101
List the prime factors of 426416.
2, 29, 919
What are the prime factors of 123619?
123619
List the prime factors of 2886990.
2, 3, 5, 96233
List the prime factors of 1554883.
11, 141353
What are the prime factors of 513371?
513371
List the prime factors of 25231642.
2, 12615821
List the prime factors of 1582335.
3, 5, 3907
List the prime factors of 6224685.
3, 5, 19, 21841
List the prime factors of 22051913.
13, 19, 73, 1223
What are the prime factors of 475367?
475367
List the prime factors of 8942357.
17, 103, 5107
List the prime factors of 10933361.
71, 153991
List the prime factors of 793040.
2, 5, 23, 431
List the prime factors of 92311.
92311
What are the prime factors of 93444?
2, 3, 13, 599
What are the prime factors of 157638?
2, 3, 13, 43, 47
List the prime factors of 1006912.
2, 15733
List the prime factors of 16492625.
5, 131941
What are the prime factors of 2384056?
2, 233, 1279
List the prime factors of 7935886.
2, 7, 283, 2003
List the prime factors of 6610287.
3, 67, 32887
List the prime factors of 165279.
3, 37, 1489
What are the prime factors of 8186576?
2, 89, 5749
What are the prime factors of 10794252?
2, 3, 7, 17, 7559
What are the prime factors of 107831?
17, 6343
List the prime factors of 1712121.
3, 17, 59, 569
List the prime factors of 9409992.
2, 3, 41, 73, 131
List the prime factors of 2157696.
2, 3, 1873
List the prime factors of 356598.
2, 3, 11, 1801
What are the prime factors of 2264675?
5, 7, 12941
What are the prime factors of 493952?
2, 17, 227
What are the prime factors of 126962?
2, 11, 29, 199
List the prime factors of 1398202.
2, 13, 53777
List the prime factors of 205863.
3, 7, 9803
What are the prime factors of 25903956?
2, 3, 13, 47, 3533
List the prime factors of 1363130.
2, 5, 271, 503
List the prime factors of 1639793.
1639793
What are the prime factors of 4569104?
2, 285569
What are the prime factors of 594079?
61, 9739
What are the prime factors of 1073994?
2, 3, 19, 9421
What are the prime factors of 4776378?
2, 3, 796063
What are the prime factors of 454146?
2, 3, 7, 11, 983
What are the prime factors of 153455?
5, 47, 653
List the prime factors of 49973.
7, 11, 59
What are the prime factors of 7011387?
3, 259681
What are the prime factors of 605334?
2, 3, 233, 433
What are the prime factors of 9964394?
2, 11, 41, 11047
List the prime factors of 242427.
3, 80809
What are the prime factors of 13121763?
3, 41, 106681
List the prime factors of 659821.
17, 37, 1049
List the prime factors of 12047826.
2, 3, 7, 43, 953
List the prime factors of 88223.
88223
List the prime factors of 9644528.
2, 457, 1319
List the prime factors of 2370794.
2, 23, 51539
What are the prime factors of 639612?
2, 3, 109, 163
What are the prime factors of 5537862?
2, 3, 11, 9323
What are the prime factors of 6937036?
2, 41, 42299
List the prime factors of 113012.
2, 19, 1487
What are the prime factors of 1533372?
2, 3, 127781
What are the prime factors of 242202?
2, 3, 37, 1091
What are the prime factors of 95272?
2, 11909
List the prime factors of 5303230.
2, 5, 29, 18287
What are the prime factors of 265343?
13, 20411
List the prime factors of 2182072.
2, 272759
List the prime factors of 2955994.
2, 17, 227, 383
List the prime factors of 456194.
2, 228097
What are the prime factors of 399237?
3, 73, 1823
List the prime factors of 14236506.
2, 3, 29, 9091
List the prime factors of 2133242.
2, 1066621
What are the prime factors of 808729?
47, 17207
What are the prime factors of 197792?
2, 7, 883
What are the prime factors of 200094?
2, 3, 33349
List the prime factors of 12323652.
2, 3, 11, 89, 1049
What are the prime factors of 1038614?
2, 519307
What are the prime factors of 64075?
5, 11, 233
List the prime factors of 593945.
5, 11, 10799
List the prime factors of 3665929.
1879, 1951
What are the prime factors of 737611?
7, 105373
What are the prime factors of 8451281?
23, 37, 9931
What are the pri